{"id":991,"date":"2019-09-03T16:01:27","date_gmt":"2019-09-03T19:01:27","guid":{"rendered":"https:\/\/www.ippasso.com.br\/site\/?page_id=991"},"modified":"2025-05-15T15:25:56","modified_gmt":"2025-05-15T18:25:56","slug":"cadprev","status":"publish","type":"page","link":"https:\/\/www.ippasso.com.br\/site\/cadprev\/","title":{"rendered":"CADPREV"},"content":{"rendered":"<p>O\u00a0CADPREV \u00e9 o Sistema de Informa\u00e7\u00f5es dos Regimes P\u00fablicos de Previd\u00eancia Social e inclui dados como os demonstrativos obrigat\u00f3rios apresentados \u00e0 Secretaria de Previd\u00eancia Social do Governo Federal, bem como o extrato do CRP &#8211; Certificado de Regularidade Previdenci\u00e1ria.<\/p>\n<p>Copie o link abaixo no navegador para acessar o sistema e consultar as informa\u00e7\u00f5es sobre o IPPASSO:<\/p>\n<p>&nbsp;<\/p>\n<p>https:\/\/cadprev.previdencia.gov.br\/Cadprev\/pages\/publico\/crp\/pesquisarEnteCrp.xhtml<\/p>\n<p>&nbsp;<\/p>\n<p>&nbsp;<\/p>\n","protected":false},"excerpt":{"rendered":"<p>O\u00a0CADPREV \u00e9 o Sistema de Informa\u00e7\u00f5es dos Regimes P\u00fablicos de Previd\u00eancia Social e inclui dados [&hellip;]<\/p>\n","protected":false},"author":1,"featured_media":0,"parent":0,"menu_order":0,"comment_status":"closed","ping_status":"closed","template":"","meta":[],"_links":{"self":[{"href":"https:\/\/www.ippasso.com.br\/site\/wp-json\/wp\/v2\/pages\/991"}],"collection":[{"href":"https:\/\/www.ippasso.com.br\/site\/wp-json\/wp\/v2\/pages"}],"about":[{"href":"https:\/\/www.ippasso.com.br\/site\/wp-json\/wp\/v2\/types\/page"}],"author":[{"embeddable":true,"href":"https:\/\/www.ippasso.com.br\/site\/wp-json\/wp\/v2\/users\/1"}],"replies":[{"embeddable":true,"href":"https:\/\/www.ippasso.com.br\/site\/wp-json\/wp\/v2\/comments?post=991"}],"version-history":[{"count":4,"href":"https:\/\/www.ippasso.com.br\/site\/wp-json\/wp\/v2\/pages\/991\/revisions"}],"predecessor-version":[{"id":2526,"href":"https:\/\/www.ippasso.com.br\/site\/wp-json\/wp\/v2\/pages\/991\/revisions\/2526"}],"wp:attachment":[{"href":"https:\/\/www.ippasso.com.br\/site\/wp-json\/wp\/v2\/media?parent=991"}],"curies":[{"name":"wp","href":"https:\/\/api.w.org\/{rel}","templated":true}]}}