{"id":551,"date":"2017-09-29T14:45:38","date_gmt":"2017-09-29T17:45:38","guid":{"rendered":"https:\/\/www.ippasso.com.br\/site\/?page_id=551"},"modified":"2022-09-23T11:09:05","modified_gmt":"2022-09-23T14:09:05","slug":"recadastramento-2","status":"publish","type":"page","link":"https:\/\/www.ippasso.com.br\/site\/recadastramento-2\/","title":{"rendered":"Recadastramento"},"content":{"rendered":"<p>Ol\u00e1, aposentados e pensionistas do IPPASSO!<\/p>\n<p>Informamos que entre os dias <strong>04 de julho a 31 de outubro de 2022<\/strong>, o IPPASSO estar\u00e1 realizando o <strong>RECADASTRAMENTO OBRIGAT\u00d3RIO<\/strong>.<\/p>\n<p>As orienta\u00e7\u00f5es seguem nas seguintes portarias:<\/p>\n<p><a href=\"https:\/\/www.ippasso.com.br\/site\/wp-content\/uploads\/2022\/06\/094-censo-inativos.pdf\">094 &#8211; censo inativos<\/a><\/p>\n<p><a href=\"https:\/\/www.ippasso.com.br\/site\/wp-content\/uploads\/2022\/09\/134-Censo-inativos.pdf\">134 &#8211; Censo inativos prorroga\u00e7\u00e3o<\/a><\/p>\n<p>OBS1.: Aposentados e pensionistas que <strong>N\u00c3O RESIDEM EM PASSO FUNDO<\/strong>, ou <strong>ENCONTRAM-SE INTERNADOS \/ ACAMADOS<\/strong>, poder\u00e3o agendar, a partir do dia 04 de julho, pelo whatsapp (54) 3312-0893, o recadastramento por <strong>VIDEOCHAMADA<\/strong>.<\/p>\n<p>OBS2.: <strong>Aposentados e pensionistas que ingressaram no IPPASSO em 2022 n\u00e3o necessitam fazer o recadastramento<\/strong>, ficando obrigat\u00f3rio realizar, periodicamente, no m\u00eas de anivers\u00e1rio, a partir de 2023.<\/p>\n<p>&nbsp;<\/p>\n<p>&nbsp;<\/p>\n<p>&nbsp;<\/p>\n<p>&nbsp;<\/p>\n<p>&nbsp;<\/p>\n<p>&nbsp;<\/p>\n<p>&nbsp;<\/p>\n<p>&nbsp;<\/p>\n<p>&nbsp;<\/p>\n","protected":false},"excerpt":{"rendered":"<p>Ol\u00e1, aposentados e pensionistas do IPPASSO! Informamos que entre os dias 04 de julho a [&hellip;]<\/p>\n","protected":false},"author":1,"featured_media":0,"parent":0,"menu_order":0,"comment_status":"closed","ping_status":"closed","template":"","meta":[],"_links":{"self":[{"href":"https:\/\/www.ippasso.com.br\/site\/wp-json\/wp\/v2\/pages\/551"}],"collection":[{"href":"https:\/\/www.ippasso.com.br\/site\/wp-json\/wp\/v2\/pages"}],"about":[{"href":"https:\/\/www.ippasso.com.br\/site\/wp-json\/wp\/v2\/types\/page"}],"author":[{"embeddable":true,"href":"https:\/\/www.ippasso.com.br\/site\/wp-json\/wp\/v2\/users\/1"}],"replies":[{"embeddable":true,"href":"https:\/\/www.ippasso.com.br\/site\/wp-json\/wp\/v2\/comments?post=551"}],"version-history":[{"count":10,"href":"https:\/\/www.ippasso.com.br\/site\/wp-json\/wp\/v2\/pages\/551\/revisions"}],"predecessor-version":[{"id":1885,"href":"https:\/\/www.ippasso.com.br\/site\/wp-json\/wp\/v2\/pages\/551\/revisions\/1885"}],"wp:attachment":[{"href":"https:\/\/www.ippasso.com.br\/site\/wp-json\/wp\/v2\/media?parent=551"}],"curies":[{"name":"wp","href":"https:\/\/api.w.org\/{rel}","templated":true}]}}