{"id":39,"date":"2016-03-14T20:58:22","date_gmt":"2016-03-14T20:58:22","guid":{"rendered":"https:\/\/www.ippasso.com.br\/site\/?page_id=39"},"modified":"2025-05-23T11:14:09","modified_gmt":"2025-05-23T14:14:09","slug":"orgao-gestor","status":"publish","type":"page","link":"https:\/\/www.ippasso.com.br\/site\/orgao-gestor\/","title":{"rendered":"\u00d3rg\u00e3o Gestor"},"content":{"rendered":"<div><\/div>\n<div>O \u00d3rg\u00e3o Gestor da Previd\u00eancia Municipal, com atribui\u00e7\u00f5es de administra\u00e7\u00e3o, \u00e9 formado por um presidente, um diretor financeiro-previdenci\u00e1rio e um diretor administrativo-previdenci\u00e1rio. O cargo de presidente \u00e9 exercido por servidor segurado, nomeado pelo prefeito municipal, para um mandato de tr\u00eas anos, podendo ser reconduzido para o per\u00edodo subseq\u00fcente.<\/div>\n<div><\/div>\n<div><\/div>\n<p><b>Presidente:<\/b><br \/>\nFranceli do Carmo &#8211; Graduada em Gest\u00e3o P\u00fablica. Servidora p\u00fablica desde 2008, natural de Passo Fundo.<br \/>\nippasso@ippasso.com.br<\/p>\n<p><b>Diretor Administrativo-Previdenci\u00e1rio:<\/b><br \/>\nEduardo Andr\u00e9 Lucietto &#8211; Graduado em Gest\u00e3o P\u00fablica, servidor p\u00fablico desde 2004, natural de Sarandi.<br \/>\neduardo@ippasso.com.br<\/p>\n<p><b>Diretora Financeira-Previdenci\u00e1ria:<\/b><br \/>\nCleonice Marta Piccini Garcia &#8211; Administradora de Empresa e T\u00e9cnica em Contabilidade, com P\u00f3s Gradua\u00e7\u00e3o em Direito Previdenci\u00e1rio.<br \/>\nServidora p\u00fablica desde 2003, natural de Casca.<br \/>\ncleo@ippasso.com.br<\/p>\n<p><b>QUADRO AUXILIAR<\/b><br \/>\nAline Kuns \u2013 T\u00e9cnica Previdenci\u00e1ria \u2013 aline@ippasso.com.br<br \/>\nCarla Rose Roman \u2013 T\u00e9cnica Previdenci\u00e1ria \u2013 carla@ippasso.com.br<br \/>\nLuiz Fernando Nadal da Silva &#8211; T\u00e9cnico Previdenci\u00e1rio &#8211; luiz@ippasso.com.br<\/p>\n<p>Carolina Zanata dos Santos\u00a0&#8211; T\u00e9cnica Previdenci\u00e1ria &#8211; carolina@ippasso.com.br<\/p>\n","protected":false},"excerpt":{"rendered":"<p>O \u00d3rg\u00e3o Gestor da Previd\u00eancia Municipal, com atribui\u00e7\u00f5es de administra\u00e7\u00e3o, \u00e9 formado por um presidente, [&hellip;]<\/p>\n","protected":false},"author":1,"featured_media":0,"parent":0,"menu_order":0,"comment_status":"closed","ping_status":"closed","template":"","meta":[],"_links":{"self":[{"href":"https:\/\/www.ippasso.com.br\/site\/wp-json\/wp\/v2\/pages\/39"}],"collection":[{"href":"https:\/\/www.ippasso.com.br\/site\/wp-json\/wp\/v2\/pages"}],"about":[{"href":"https:\/\/www.ippasso.com.br\/site\/wp-json\/wp\/v2\/types\/page"}],"author":[{"embeddable":true,"href":"https:\/\/www.ippasso.com.br\/site\/wp-json\/wp\/v2\/users\/1"}],"replies":[{"embeddable":true,"href":"https:\/\/www.ippasso.com.br\/site\/wp-json\/wp\/v2\/comments?post=39"}],"version-history":[{"count":14,"href":"https:\/\/www.ippasso.com.br\/site\/wp-json\/wp\/v2\/pages\/39\/revisions"}],"predecessor-version":[{"id":2544,"href":"https:\/\/www.ippasso.com.br\/site\/wp-json\/wp\/v2\/pages\/39\/revisions\/2544"}],"wp:attachment":[{"href":"https:\/\/www.ippasso.com.br\/site\/wp-json\/wp\/v2\/media?parent=39"}],"curies":[{"name":"wp","href":"https:\/\/api.w.org\/{rel}","templated":true}]}}

Órgão Gestor

<div></div>
<div>O Órgão Gestor da Previdência Municipal, com atribuições de administração, é formado por um presidente, um diretor financeiro-previdenciário e um diretor administrativo-previdenciário. O cargo de presidente é exercido por servidor segurado, nomeado pelo prefeito municipal, para um mandato de três anos, podendo ser reconduzido para o período subseqüente.</div>
<div></div>
<div></div>
<p><b>Presidente:</b><br />
Franceli do Carmo &#8211; Graduada em Gestão Pública. Servidora pública desde 2008, natural de Passo Fundo.<br />
ippasso@ippasso.com.br</p>
<p><b>Diretor Administrativo-Previdenciário:</b><br />
Eduardo André Lucietto &#8211; Graduado em Gestão Pública, servidor público desde 2004, natural de Sarandi.<br />
eduardo@ippasso.com.br</p>
<p><b>Diretora Financeira-Previdenciária:</b><br />
Cleonice Marta Piccini Garcia &#8211; Administradora de Empresa e Técnica em Contabilidade, com Pós Graduação em Direito Previdenciário.<br />
Servidora pública desde 2003, natural de Casca.<br />
cleo@ippasso.com.br</p>
<p><b>QUADRO AUXILIAR</b><br />
Aline Kuns – Técnica Previdenciária – aline@ippasso.com.br<br />
Carla Rose Roman – Técnica Previdenciária – carla@ippasso.com.br<br />
Luiz Fernando Nadal da Silva &#8211; Técnico Previdenciário &#8211; luiz@ippasso.com.br</p>
<p>Carolina Zanata dos Santos &#8211; Técnica Previdenciária &#8211; carolina@ippasso.com.br</p>

<p>O Órgão Gestor da Previdência Municipal, com atribuições de administração, é formado por um presidente, [&hellip;]</p>
