{"id":31,"date":"2016-03-14T20:48:33","date_gmt":"2016-03-14T20:48:33","guid":{"rendered":"https:\/\/www.ippasso.com.br\/site\/?page_id=31"},"modified":"2026-01-08T09:44:27","modified_gmt":"2026-01-08T12:44:27","slug":"conselho-fiscal","status":"publish","type":"page","link":"https:\/\/www.ippasso.com.br\/site\/conselho-fiscal\/","title":{"rendered":"Conselho Fiscal"},"content":{"rendered":"<p>O Conselho Fiscal \u00e9 o \u00f3rg\u00e3o de fiscaliza\u00e7\u00e3o da gest\u00e3o financeira e administrativa do IPPASSO. \u00c9 composto por segurados ativos e inativos, para exercerem a fun\u00e7\u00e3o de membros titulares e suplentes do Conselho, por um per\u00edodo de 03 (tr\u00eas) anos, permitida a recondu\u00e7\u00e3o. S\u00e3o em n\u00famero de 5 (cinco), sendo dois indicados pelo Poder Executivo e tr\u00eas eleitos pelos servidores municipais estatut\u00e1rios.<\/p>\n<p><b>MEMBROS <\/b><\/p>\n<p><b>Titulares<\/b><\/p>\n<ul>\n<li>Jo\u00e3o Oct\u00e1vio Ferron<\/li>\n<li>Marli Salete Nadal<\/li>\n<li>Jorge Fernandes Mattos<\/li>\n<li>Leila Maria Dalbosco Falabrette<\/li>\n<li>Lu\u00eds Francisco Sim\u00f5es Boeira<\/li>\n<\/ul>\n<p><b>Suplentes<\/b><\/p>\n<ul>\n<li>Diego Chimango<\/li>\n<\/ul>\n<p>&nbsp;<\/p>\n<ul>\n<li><strong>Acesse as atas no menu \u201cTranspar\u00eancia\u201d e o calend\u00e1rio de reuni\u00f5es no item \u201cPublica\u00e7\u00f5es-Reuni\u00f5es\u201d<\/strong><\/li>\n<\/ul>\n","protected":false},"excerpt":{"rendered":"<p>O Conselho Fiscal \u00e9 o \u00f3rg\u00e3o de fiscaliza\u00e7\u00e3o da gest\u00e3o financeira e administrativa do IPPASSO. [&hellip;]<\/p>\n","protected":false},"author":1,"featured_media":0,"parent":0,"menu_order":0,"comment_status":"closed","ping_status":"closed","template":"","meta":[],"_links":{"self":[{"href":"https:\/\/www.ippasso.com.br\/site\/wp-json\/wp\/v2\/pages\/31"}],"collection":[{"href":"https:\/\/www.ippasso.com.br\/site\/wp-json\/wp\/v2\/pages"}],"about":[{"href":"https:\/\/www.ippasso.com.br\/site\/wp-json\/wp\/v2\/types\/page"}],"author":[{"embeddable":true,"href":"https:\/\/www.ippasso.com.br\/site\/wp-json\/wp\/v2\/users\/1"}],"replies":[{"embeddable":true,"href":"https:\/\/www.ippasso.com.br\/site\/wp-json\/wp\/v2\/comments?post=31"}],"version-history":[{"count":33,"href":"https:\/\/www.ippasso.com.br\/site\/wp-json\/wp\/v2\/pages\/31\/revisions"}],"predecessor-version":[{"id":2866,"href":"https:\/\/www.ippasso.com.br\/site\/wp-json\/wp\/v2\/pages\/31\/revisions\/2866"}],"wp:attachment":[{"href":"https:\/\/www.ippasso.com.br\/site\/wp-json\/wp\/v2\/media?parent=31"}],"curies":[{"name":"wp","href":"https:\/\/api.w.org\/{rel}","templated":true}]}}