{"id":1808,"date":"2022-07-07T15:12:19","date_gmt":"2022-07-07T18:12:19","guid":{"rendered":"https:\/\/www.ippasso.com.br\/site\/?page_id=1808"},"modified":"2025-10-02T13:23:09","modified_gmt":"2025-10-02T16:23:09","slug":"diarias","status":"publish","type":"page","link":"https:\/\/www.ippasso.com.br\/site\/diarias\/","title":{"rendered":"Di\u00e1rias"},"content":{"rendered":"<p>Consulte, no link abaixo, relat\u00f3rio de concess\u00e3o de di\u00e1rias do IPPASSO:<\/p>\n<p><a href=\"https:\/\/grp.pmpf.rs.gov.br\/grp\/acessoexterno\/programaAcessoExterno.faces?codigo=670062\">https:\/\/grp.pmpf.rs.gov.br\/grp\/acessoexterno\/programaAcessoExterno.faces?codigo=670062<\/a><\/p>\n<p>&nbsp;<\/p>\n<p>&nbsp;<\/p>\n","protected":false},"excerpt":{"rendered":"<p>Consulte, no link abaixo, relat\u00f3rio de concess\u00e3o de di\u00e1rias do IPPASSO: https:\/\/grp.pmpf.rs.gov.br\/grp\/acessoexterno\/programaAcessoExterno.faces?codigo=670062 &nbsp; &nbsp;<\/p>\n","protected":false},"author":8,"featured_media":0,"parent":0,"menu_order":0,"comment_status":"closed","ping_status":"closed","template":"","meta":[],"_links":{"self":[{"href":"https:\/\/www.ippasso.com.br\/site\/wp-json\/wp\/v2\/pages\/1808"}],"collection":[{"href":"https:\/\/www.ippasso.com.br\/site\/wp-json\/wp\/v2\/pages"}],"about":[{"href":"https:\/\/www.ippasso.com.br\/site\/wp-json\/wp\/v2\/types\/page"}],"author":[{"embeddable":true,"href":"https:\/\/www.ippasso.com.br\/site\/wp-json\/wp\/v2\/users\/8"}],"replies":[{"embeddable":true,"href":"https:\/\/www.ippasso.com.br\/site\/wp-json\/wp\/v2\/comments?post=1808"}],"version-history":[{"count":5,"href":"https:\/\/www.ippasso.com.br\/site\/wp-json\/wp\/v2\/pages\/1808\/revisions"}],"predecessor-version":[{"id":2768,"href":"https:\/\/www.ippasso.com.br\/site\/wp-json\/wp\/v2\/pages\/1808\/revisions\/2768"}],"wp:attachment":[{"href":"https:\/\/www.ippasso.com.br\/site\/wp-json\/wp\/v2\/media?parent=1808"}],"curies":[{"name":"wp","href":"https:\/\/api.w.org\/{rel}","templated":true}]}}