{"id":1591,"date":"2021-10-22T09:39:45","date_gmt":"2021-10-22T12:39:45","guid":{"rendered":"https:\/\/www.ippasso.com.br\/site\/?page_id=1591"},"modified":"2025-05-23T11:37:28","modified_gmt":"2025-05-23T14:37:28","slug":"eleicoes-ippasso-2021","status":"publish","type":"page","link":"https:\/\/www.ippasso.com.br\/site\/eleicoes-ippasso-2021\/","title":{"rendered":"Elei\u00e7\u00f5es Ippasso 2024"},"content":{"rendered":"<p>Segue abaixo edital e regras das elei\u00e7\u00f5es do Ippasso 2024 a serem realizadas no dia 02\/12\/2024:<\/p>\n<p><a href=\"https:\/\/www.ippasso.com.br\/site\/wp-content\/uploads\/2024\/10\/regras-processos.pdf\">regras processo elei\u00e7\u00f5es ippasso 2024<\/a><\/p>\n<p><a href=\"https:\/\/www.ippasso.com.br\/site\/wp-content\/uploads\/2024\/10\/edital-eleitoral-2024.pdf\">edital elei\u00e7\u00f5es ippasso 2024<\/a><\/p>\n<p><a href=\"https:\/\/www.ippasso.com.br\/site\/wp-content\/uploads\/2024\/11\/edital-elei\u00e7\u00f5es-candidatos.pdf\">edital elei\u00e7\u00f5es candidatos<\/a><\/p>\n<p><a href=\"https:\/\/www.ippasso.com.br\/site\/wp-content\/uploads\/2025\/05\/editais-resultado-final.pdf\">edital resultado final<\/a><\/p>\n","protected":false},"excerpt":{"rendered":"<p>Segue abaixo edital e regras das elei\u00e7\u00f5es do Ippasso 2024 a serem realizadas no dia [&hellip;]<\/p>\n","protected":false},"author":7,"featured_media":0,"parent":0,"menu_order":0,"comment_status":"closed","ping_status":"closed","template":"","meta":[],"_links":{"self":[{"href":"https:\/\/www.ippasso.com.br\/site\/wp-json\/wp\/v2\/pages\/1591"}],"collection":[{"href":"https:\/\/www.ippasso.com.br\/site\/wp-json\/wp\/v2\/pages"}],"about":[{"href":"https:\/\/www.ippasso.com.br\/site\/wp-json\/wp\/v2\/types\/page"}],"author":[{"embeddable":true,"href":"https:\/\/www.ippasso.com.br\/site\/wp-json\/wp\/v2\/users\/7"}],"replies":[{"embeddable":true,"href":"https:\/\/www.ippasso.com.br\/site\/wp-json\/wp\/v2\/comments?post=1591"}],"version-history":[{"count":5,"href":"https:\/\/www.ippasso.com.br\/site\/wp-json\/wp\/v2\/pages\/1591\/revisions"}],"predecessor-version":[{"id":2546,"href":"https:\/\/www.ippasso.com.br\/site\/wp-json\/wp\/v2\/pages\/1591\/revisions\/2546"}],"wp:attachment":[{"href":"https:\/\/www.ippasso.com.br\/site\/wp-json\/wp\/v2\/media?parent=1591"}],"curies":[{"name":"wp","href":"https:\/\/api.w.org\/{rel}","templated":true}]}}